s the units digit of c?
0
Let h(m) = -m**2 - 10*m + 12. Let w be h(5). Let f = -70 - w. Let t(j) = -40*j - 55. What is the units digit of t(f)?
5
Let x be (-56)/(-35) - (1 + (-7)/5). Suppose x*l + b - 951 + 76 = 0, 1302 = 3*l + 5*b. What is the tens digit of l?
3
What is the units digit of (-12)/(-84) + 100575/7?
8
Let m be -6*((352/12)/(-8) + 3). Suppose 5*i = o - 408, -9*o + 2098 = -4*o + m*i. What is the units digit of o?
8
Suppose 5*y = q + 1709, 4*q + 1306 = 5*y - 415. Suppose 0 = 9*t - 6823 - y. What is the hundreds digit of t?
7
Suppose 4*w = 3*v - 5103, -3*v - 28*w + 5157 = -23*w. What is the units digit of v?
9
Let l = 16710 - -31608. What is the tens digit of l?
1
Suppose 4*n + 2*z = -3*z + 5, -3*n - 5 = -5*z. Suppose -8*h + 465 = -3*h - 2*j, n = -2*h + 3*j + 175. Suppose -3*i + 160 + h = 0. What is the tens digit of i?
8
Suppose -9 = -0*b - 5*b + 3*z, 0 = -3*b - z - 3. Suppose b = 33*w - 5227 - 9920. What is the units digit of w?
9
What is the units digit of 2404/1 + (-47 - -50)*2/3?
6
Let v(d) = d**3 - 15*d**2 - 36*d + 71. Suppose -28 - 188 = -12*j. What is the units digit of v(j)?
5
Suppose -2*i = 25*i + 324. Let u(r) = -r + 326. What is the hundreds digit of u(i)?
3
Suppose -5*v + 3*c = -1838 + 141, 0 = -5*v + 2*c + 1698. Let m = 713 - v. What is the tens digit of m?
7
What is the ten thousands digit of (-64051410)/(-2890) + (-4)/34?
2
Suppose -18*l = -9*l - 36. Suppose v + 2*c - 468 = 0, -l*v + c = -393 - 1434. What is the units digit of v?
8
Suppose -9*h = -3*w - 7*h + 516, -4*w + 683 = -h. What is the units digit of w?
0
Suppose 77*o - 872120 = 104153 + 810743. What is the tens digit of o?
0
What is the thousands digit of (24/(-22))/(98/(-1078)) - -85091?
5
Let v(t) = -5*t**3 - 2*t**2 - 3*t - 3. Let h be v(-2). Suppose 5*x - 1230 = -h. What is the hundreds digit of x?
2
Suppose -20*r = 58*r - 567330 - 1075350. What is the hundreds digit of r?
0
Let n = -114 - -116. Let u(k) = -5*k**2 - 8*k - 9*k + 4*k**n + 34 - 11*k. What is the tens digit of u(-23)?
4
Let p(q) = q**3 + 2*q**2 - 6*q + 6. Let u = 55 - 52. What is the units digit of p(u)?
3
Let m(o) = 19*o**2 - 10*o + 6. Let q be m(-6). Suppose -q = 6*z - 90. Let j = 190 + z. What is the units digit of j?
0
What is the units digit of (-669)/(-18 - (-8445)/470)?
2
Suppose -4*v = 3*r - 625, -5*r - 25*v + 30*v = -1030. Let y = 58 + r. What is the hundreds digit of y?
2
Suppose 0 = -26*z + 29*z - 36. Suppose z = 2*l + 8. Suppose -2*q + 16 + 46 = 2*i, l*q + i - 61 = 0. What is the units digit of q?
0
Let z(w) = -25097*w**3 - 3*w**2 + 5*w + 6. What is the ten thousands digit of z(-1)?
2
Let k(u) be the third derivative of -5*u**4/24 + 11*u**3/6 - 12*u**2. Let a be k(-7). Suppose -214 = -5*z + a. What is the tens digit of z?
5
Let f = -169 - -249. Let u = 78 - f. Let s(q) = -24*q + 4. What is the tens digit of s(u)?
5
Let x(j) = -955*j + 24. Let m(r) = r**3 - 8*r**2 - 20*r - 1. Let h be m(10). What is the hundreds digit of x(h)?
9
Suppose 3748 = 13*d - 12723. Suppose -1305 = -4*x + d. What is the tens digit of x?
4
What is the thousands digit of (1368/(-912))/(-2*(-3)/(-101840))?
5
Let v = -4667 + 9602. What is the units digit of v?
5
What is the units digit of (-16)/104 + 6/78 + 94680/13?
3
Suppose 267 = -10*c + 57. Let n be 4*(-2)/(-4)*-1. What is the units digit of 2/(-7) + (-342)/c + n?
4
Let s(t) = t**3 + 8*t**2 - 6*t - 10. Let r(a) = -2*a + 8. Let m be r(0). What is the tens digit of s(m)?
6
Suppose 0 = -5*y + q - 14278, q + 1873 = 2*y + 7583. Let l = y + 4358. What is the hundreds digit of l?
5
Let q be ((-54)/81)/((-3)/1710). Suppose -30 = -5*c + 5*h, 0 = -2*c - 3*h + 4*h + 10. Suppose -c*f - 116 = -q. What is the tens digit of f?
6
Suppose 9*i = 100 + 35. Let m be -4 - (0/1)/(-1). What is the hundreds digit of (i/(-6))/(m/304)?
1
Let z(l) = 47*l**3 + 4*l**2 - 2*l - 3. Suppose -51*c + 45*c = -12. What is the units digit of z(c)?
5
Let s(y) = 196*y - 49. Let v(b) = -2*b**2 + 24*b + 3. Let t be v(12). What is the tens digit of s(t)?
3
Let t(l) = 351*l**3 + 75*l**2 + 15*l - 50. What is the units digit of t(5)?
5
Let c = -832 - -1843. Suppose -c = -3*h + 543. What is the tens digit of h?
1
Let s(o) = 912*o + 146. What is the units digit of s(2)?
0
Suppose -367 = -5*h + 168. Suppose 113*u = h*u + 1368. What is the units digit of u?
8
Let q(t) be the second derivative of 1/20*t**5 + 7/6*t**4 + 3/2*t**3 + 7/2*t**2 + 0 - 3*t. What is the units digit of q(-13)?
9
Suppose 189446 = 248*k - 13092194. What is the units digit of k?
5
Let o(j) = 464*j**2 + 30*j + 77. What is the tens digit of o(-3)?
6
Suppose -3*q + 30*d = 25*d - 5003, 2*q - 3332 = 5*d. What is the tens digit of q?
7
Let w(c) = 129*c**2 - 8*c - 22. Let h be w(-3). Let m = h + -431. What is the hundreds digit of m?
7
Suppose 2*j - 4*j + 3*b - 374 = 0, -j - 187 = -b. Let c = 197 - j. What is the units digit of c?
4
Let z = 6 + -4. Suppose 2*b = r - 179, z*r + 0*r = -4*b + 382. Suppose -473 - r = -7*g. What is the tens digit of g?
9
Suppose 4*q + 26*w - 28*w - 60756 = 0, -5*w + 30390 = 2*q. What is the tens digit of q?
9
Suppose 4*h = 12, -80*y + 75*y = 5*h - 104855. What is the tens digit of y?
6
Suppose 80*o = 41*o + 405717. What is the tens digit of o?
0
Suppose 0*x = 5*x + 2*b - 8, -b + 7 = 4*x. Suppose 3*p + 6 - 1 = -5*t, 3*t = -2*p - 2. Suppose -w + 11 = -x*j, -p*j - 1 = -4*j. What is the units digit of w?
9
Suppose 8*m + 17131 = -2*m + 53821. What is the tens digit of m?
6
What is the hundreds digit of -3*(11340/(-9) - -11)?
7
Suppose 27 = -7*w + 10*w. Suppose -4 = v - w. Suppose 4*g - 3*o - 59 = 0, 5*o = v*g - 59 - 21. What is the tens digit of g?
1
Suppose 8*w - 2369 - 703 = 0. Suppose h - 280 = 5*b - 892, -3*b - 5*h + w = 0. What is the hundreds digit of b?
1
Suppose -9 = t - 13. Let j be ((-16)/(-20))/(t/(-10)). Let v(m) = -m**3 + 1. What is the units digit of v(j)?
9
Suppose 5*n = -j - 4*j - 25, 5*j - 23 = 3*n. Let q(x) = -3*x - 16. Let z be q(n). Suppose a + z*a - 417 = -4*i, 0 = a + 1. What is the units digit of i?
5
Suppose k = -5*k. Suppose 0*g + 2 = -2*g, k = 5*x + 4*g - 71. Let c = x - -53. What is the tens digit of c?
6
Let l(v) = v. Let o be l(6). Suppose -10 = -o*u + u. What is the tens digit of (-2)/4 + ((-1085)/u)/(-5)?
0
Suppose -386*r = -385*r - 1307. Suppose -r = -5*u - 4*p + 392, 5*u = -5*p + 1695. What is the tens digit of u?
4
Let p(j) = j + 29. Let c be p(-25). Suppose -2200 = c*n - 9*n + 4*h, 3*h - 1729 = -4*n. What is the units digit of n?
6
Let u = 165 + 116. What is the hundreds digit of -6*u*(66/18 + -4)?
5
Let z = 50 - 47. Suppose 0 = -z*l - 82 + 286. Let i = -26 + l. What is the tens digit of i?
4
Suppose 2 = -v + 2*i - 2, -5*v = 2*i - 28. Suppose 101 - 25 = v*d. Suppose -d + 129 = 2*l. What is the units digit of l?
5
Let x be 40/(-22) - (5 + (-265)/55). What is the units digit of (x/4)/((-33)/47256)?
6
Suppose -51*j = -39153 - 5064. What is the hundreds digit of j?
8
Let g(d) be the first derivative of 13 - 21/2*d**2 + 6*d. What is the tens digit of g(-5)?
1
Suppose -11*v = -20005 + 15198. Let k be (-4)/(-12) + 1060/6. Let s = v - k. What is the hundreds digit of s?
2
Suppose -3*r - 10*r + 111700 + 7276 = 0. What is the hundreds digit of r?
1
Suppose 2*r = -4*p + 418, 3*r + 4*p - 587 = 36. Suppose 4*i = -4, r = 5*o - 5*i - 660. What is the units digit of o?
2
Let o(r) = r**2 - 66*r - 3769. What is the units digit of o(-58)?
3
Suppose -5*y + 50*k = 48*k - 13530, -13520 = -5*y + 4*k. What is the units digit of y?
8
Let k = -121 + -10. Let i = 63 - k. What is the units digit of i?
4
Suppose 10*h - 5*h + 5*b - 68565 = 0, -2*b + 41140 = 3*h. What is the ten thousands digit of h?
1
Suppose -4*f - 7*h + 7988 = -3*h, -2*f + 3*h = -4009. What is the hundreds digit of f/6 - 1/3?
3
Let j(l) be the second derivative of 27*l**3/2 - 10*l**2 + l - 5. What is the tens digit of j(8)?
2
Let k(f) = 12826*f - 1853. What is the ten thousands digit of k(3)?
3
Let c(n) = n**2 + 7*n + 4. Let s be c(-7). Let q be -23*(-5)/(-20)*s. Let y = 4 - q. What is the units digit of y?
7
Suppose -2*a + 27 - 17 = 0. Suppose -p + 3*u = a, -2*p + u = -6*p - 7. What is the units digit of (-3 - p)/(3/30*-1)?
0
Suppose 63*y - 31*y - 47352 = 29*y. What is the hundreds digit of y?
7
Suppose 3*g = 2*z - 188, -5*z = -0*z - 4*g - 47